en 1442698 is divided by 386?
216
What is the remainder when 174104 is divided by 28971?
278
Calculate the remainder when 7074602 is divided by 91.
80
What is the remainder when 20805087 is divided by 5201270?
7
What is the remainder when 1592187 is divided by 886?
45
What is the remainder when 61868574 is divided by 176?
174
Calculate the remainder when 33273670 is divided by 2293.
2240
What is the remainder when 45261107 is divided by 21?
17
Calculate the remainder when 121638 is divided by 634.
544
What is the remainder when 512075 is divided by 97?
12
What is the remainder when 97122 is divided by 48312?
498
What is the remainder when 39026157 is divided by 2054002?
119
What is the remainder when 20948 is divided by 57?
29
Calculate the remainder when 28470 is divided by 620.
570
Calculate the remainder when 82711 is divided by 39328.
4055
What is the remainder when 53696 is divided by 2400?
896
Calculate the remainder when 891111 is divided by 1684.
275
What is the remainder when 13793598 is divided by 148?
146
What is the remainder when 171730 is divided by 42277?
2622
Calculate the remainder when 2201937 is divided by 7919.
455
Calculate the remainder when 140935257 is divided by 10.
7
What is the remainder when 2384044 is divided by 357?
355
What is the remainder when 1852640 is divided by 617544?
8
What is the remainder when 32178 is divided by 30253?
1925
What is the remainder when 668648 is divided by 23?
15
Calculate the remainder when 631035 is divided by 28.
27
What is the remainder when 19823777 is divided by 892?
861
Calculate the remainder when 2355567 is divided by 54.
33
Calculate the remainder when 33689 is divided by 1001.
656
Calculate the remainder when 605221 is divided by 16917.
13126
What is the remainder when 1211506 is divided by 82?
38
Calculate the remainder when 340962 is divided by 54.
6
What is the remainder when 1799866162 is divided by 353?
352
What is the remainder when 764587 is divided by 366?
13
Calculate the remainder when 1017784 is divided by 48.
40
What is the remainder when 2461798 is divided by 22585?
33
Calculate the remainder when 1588198 is divided by 4658.
4478
Calculate the remainder when 3825658 is divided by 20.
18
Calculate the remainder when 105371 is divided by 999.
476
What is the remainder when 61361000 is divided by 3664?
3656
Calculate the remainder when 2095648 is divided by 1237.
170
Calculate the remainder when 821095 is divided by 3205.
615
Calculate the remainder when 86913391 is divided by 70.
61
Calculate the remainder when 767798 is divided by 148.
122
What is the remainder when 712467 is divided by 275?
217
Calculate the remainder when 118020725 is divided by 47743.
29
What is the remainder when 1193100 is divided by 16804?
16
What is the remainder when 57151 is divided by 18265?
2356
Calculate the remainder when 49282288 is divided by 74.
64
What is the remainder when 1264802 is divided by 631664?
1474
What is the remainder when 1861034 is divided by 78?
32
Calculate the remainder when 392428 is divided by 392308.
120
Calculate the remainder when 2471245 is divided by 3437.
42
What is the remainder when 294063 is divided by 293966?
97
What is the remainder when 1695673 is divided by 423913?
21
Calculate the remainder when 62079943 is divided by 5612.
5611
Calculate the remainder when 1466709 is divided by 5295.
5289
Calculate the remainder when 1306459 is divided by 190.
19
What is the remainder when 9140264 is divided by 652875?
14
Calculate the remainder when 129725061 is divided by 335.
331
What is the remainder when 1101824 is divided by 40799?
251
What is the remainder when 8029533 is divided by 1863?
3
What is the remainder when 547346 is divided by 547264?
82
Calculate the remainder when 10081380 is divided by 420057.
12
What is the remainder when 164060 is divided by 82006?
48
What is the remainder when 128887 is divided by 64399?
89
Calculate the remainder when 315149 is divided by 29.
6
Calculate the remainder when 2053012 is divided by 906.
16
What is the remainder when 1120951 is divided by 259?
258
What is the remainder when 95539 is divided by 47383?
773
Calculate the remainder when 483370 is divided by 120.
10
What is the remainder when 651437 is divided by 2062?
1907
Calculate the remainder when 213434905 is divided by 71144967.
4
Calculate the remainder when 3821563 is divided by 347414.
9
What is the remainder when 14060522 is divided by 57?
47
Calculate the remainder when 7631256 is divided by 20242.
22
What is the remainder when 3714040 is divided by 5367?
76
Calculate the remainder when 170505238 is divided by 2584.
2582
What is the remainder when 342777 is divided by 171255?
267
Calculate the remainder when 50719 is divided by 452.
95
Calculate the remainder when 117445 is divided by 2936.
5
What is the remainder when 215993 is divided by 71250?
2243
What is the remainder when 677180 is divided by 112839?
146
Calculate the remainder when 14486612 is divided by 413903.
7
What is the remainder when 438396347 is divided by 1850?
1847
What is the remainder when 103110 is divided by 51514?
82
What is the remainder when 1936430 is divided by 262?
250
Calculate the remainder when 10467221 is divided by 1405.
1376
Calculate the remainder when 31192207 is divided by 14.
11
Calculate the remainder when 4448319 is divided by 127.
17
Calculate the remainder when 801402 is divided by 133363.
1224
Calculate the remainder when 513350 is divided by 149.
45
What is the remainder when 11587790 is divided by 1837?
1831
Calculate the remainder when 228741 is divided by 118.
57
Calculate the remainder when 241055 is divided by 8926.
53
What is the remainder when 204066 is divided by 56?
2
What is the remainder when 7790320 is divided by 162296?
112
Calculate the remainder when 5817521 is divided by 1939168.
17
What is the remainder when 191094371 is divided by 171?
161
What is the remainder when 188903 is divided by 6243?
1613
Calculate the remainder when 173323 is divided by 42633.
2791
What is the remainder when 5842577 is divided by 463?
443
What is the remainder when 1531029 is divided by 446?
357
Calculate the remainder when 39970793 is divided by 3963.
3938
What is the remainder when 1945723 is divided by 1126?
1121
What is the remainder when 2534371 is divided by 1897?
1876
Calculate the remainder when 475311 is divided by 3323.
122
What is the remainder when 11115007 is divided by 8550?
7
Calculate the remainder when 219180 is divided by 36528.
12
What is the remainder when 2397248 is divided by 1198519?
210
Calculate the remainder when 425755 is divided by 5602.
3
Calculate the remainder when 13826377 is divided by 13826358.
19
Calculate the remainder when 410980 is divided by 205482.
16
Calculate the remainder when 4375543 is divided by 96.
55
What is the remainder when 311471 is divided by 2796?
1115
Calculate the remainder when 527899 is divided by 21995.
19
Calculate the remainder when 103016787 is divided by 6100.
6087
Calculate the remainder when 20146 is divided by 20042.
104
Calculate the remainder when 1683173 is divided by 42079.
13
Calculate the remainder when 780084007 is divided by 88.
87
What is the remainder when 839962857 is divided by 5676?
5673
What is the remainder when 80026088 is divided by 3106?
3104
Calculate the remainder when 81077 is divided by 1521.
464
What is the remainder when 6017344 is divided by 8198?
12
Calculate the remainder when 398441 is divided by 198775.
891
What is the remainder when 101025 is divided by 138?
9
Calculate the remainder when 1065390 is divided by 7091.
1740
What is the remainder when 71985566 is divided by 406698?
20
Calculate the remainder when 119204846 is divided by 510.
506
What is the remainder when 108490 is divided by 12041?
121
What is the remainder when 11208 is divided by 1343?
464
What is the remainder when 15253699 is divided by 1415?
1414
Calculate the remainder when 45323427 is divided by 2982.
9
What is the remainder when 1997400 is divided by 1297?
20
What is the remainder when 7792983 is divided by 533?
523
What is the remainder when 47077 is divided by 11520?
997
Calculate the remainder when 963522675 is divided by 13.
11
Calculate the remainder when 790364168 is divided by 4969.
4966
Cal